
Is 3486926011 a composite number?
False
Is 477914545 composite?
True
Is 5594088541 prime?
True
Is 3748284341 prime?
True
Is 22724722217 a prime number?
True
Is 101846513 composite?
True
Is 6853869951 a prime number?
False
Is 63676153 a prime number?
False
Is 6098403239 a prime number?
True
Is 34054626733 prime?
False
Is 8777510849 a composite number?
False
Is 3302206559 prime?
False
Is 5364110539 composite?
False
Is 1863782441 a prime number?
True
Is 3658467229 a composite number?
True
Is 935381189 a prime number?
False
Is 44101471207 a composite number?
False
Is 695640005 prime?
False
Is 610254059 a composite number?
False
Is 19508182921 a composite number?
False
Is 20116764947 a prime number?
True
Is 1778650607 prime?
False
Is 648256757 a composite number?
False
Is 13042703783 composite?
True
Is 1149709661 a composite number?
True
Is 22092751357 composite?
True
Is 1116076133 composite?
True
Is 53262263617 composite?
True
Is 6185151573 prime?
False
Is 439447313 prime?
False
Is 1023431639 composite?
False
Is 22235334547 prime?
True
Is 5476558951 a composite number?
True
Is 14859653609 composite?
False
Is 25720327 a prime number?
False
Is 916906663 prime?
True
Is 7424503663 a composite number?
False
Is 10471988299 a prime number?
True
Is 3693678517 a composite number?
False
Is 2602637897 prime?
True
Is 55999753067 a composite number?
False
Is 661559659 prime?
True
Is 5078746623 composite?
True
Is 947226499 a prime number?
True
Is 91567605779 composite?
True
Is 136761607 a prime number?
False
Is 4083049727 a prime number?
True
Is 84365734109 composite?
False
Is 4734943249 composite?
False
Is 266557409 a composite number?
True
Is 3400099979 composite?
True
Is 2992517597 a composite number?
False
Is 537096619 a composite number?
False
Is 3682154129 a composite number?
True
Is 559181487 a composite number?
True
Is 2703241403 a composite number?
False
Is 10351775449 a prime number?
True
Is 13070672917 composite?
True
Is 6924158231 composite?
False
Is 15639992681 a composite number?
False
Is 9265668793 composite?
False
Is 1305103341 prime?
False
Is 19091563 prime?
True
Is 91182443 a prime number?
False
Is 6224844323 prime?
False
Is 146626609 composite?
False
Is 6532026167 prime?
False
Is 1159438517 composite?
True
Is 2463601519 composite?
False
Is 371194885 a composite number?
True
Is 115292963 a prime number?
False
Is 89000099 a prime number?
True
Is 15650282429 composite?
False
Is 13971077621 a prime number?
True
Is 670666099 a prime number?
False
Is 376404481 a prime number?
True
Is 7273259365 prime?
False
Is 1371918307 a prime number?
False
Is 123110527 composite?
False
Is 4397789089 a prime number?
True
Is 12155505595 composite?
True
Is 811626719 composite?
False
Is 5817185537 a composite number?
False
Is 3150927823 composite?
True
Is 56151295369 prime?
False
Is 102389794909 composite?
True
Is 8166056909 composite?
False
Is 510328451 prime?
True
Is 36294807953 prime?
True
Is 15807719861 a prime number?
False
Is 11874459871 composite?
True
Is 2550083363 a composite number?
True
Is 82023169 prime?
True
Is 1650825641 a prime number?
False
Is 919417283 prime?
True
Is 3073423 a composite number?
True
Is 31016719697 a prime number?
False
Is 52956985 a prime number?
False
Is 1419387877 a composite number?
False
Is 864858481 prime?
True
Is 69124373729 a composite number?
True
Is 37235933261 composite?
False
Is 695762659 a prime number?
True
Is 308419849 a composite number?
False
Is 1207847359 prime?
False
Is 2372928919 a prime number?
True
Is 1049852441 prime?
False
Is 521000443 composite?
True
Is 9075613 composite?
True
Is 3270485401 a prime number?
True
Is 746800919 a composite number?
True
Is 4601599089 a composite number?
True
Is 4137814573 a prime number?
True
Is 64319907827 a composite number?
True
Is 227258419 prime?
False
Is 284385653 composite?
True
Is 549372697 prime?
False
Is 21226942477 prime?
False
Is 2512257719 a prime number?
False
Is 697784579 prime?
True
Is 4209487897 a prime number?
True
Is 537040241 a composite number?
True
Is 482923313 prime?
False
Is 477537757 a composite number?
False
Is 3547503079 composite?
False
Is 8479701359 a prime number?
True
Is 615782501 a prime number?
True
Is 10440651407 composite?
False
Is 324571063 a prime number?
True
Is 1921355459 a composite number?
False
Is 7318350649 composite?
False
Is 2282599897 a composite number?
False
Is 1042702851 a composite number?
True
Is 1838043473 composite?
True
Is 2249985602 a composite number?
True
Is 12940222453 prime?
True
Is 3595523213 a composite number?
False
Is 4006269811 a prime number?
True
Is 72187201 a prime number?
True
Is 873913163 a prime number?
False
Is 7466237743 a composite number?
True
Is 56002428221 composite?
True
Is 4433632643 a composite number?
True
Is 623671757 composite?
True
Is 1033511753 composite?
True
Is 11054109439 prime?
True
Is 4205017009 a prime number?
False
Is 1805381911 a prime number?
True
Is 32371873 composite?
False
Is 48465663 a composite number?
True
Is 17690983379 prime?
False
Is 245246003 a composite number?
False
Is 29881081961 composite?
True
Is 163063771217 prime?
True
Is 580194257 composite?
True
Is 1899609317 a prime number?
True
Is 3804441089 a composite number?
False
Is 238508127203 composite?
False
Is 202473830227 a composite number?
True
Is 602612123 a composite number?
True
Is 1842992549 a composite number?
False
Is 780413891 a prime number?
False
Is 59556540319 composite?
True
Is 1706601781 composite?
True
Is 6181814341 prime?
True
Is 135101785873 composite?
False
Is 8316050023 a composite number?
True
Is 5121363101 composite?
True
Is 197770207 prime?
False
Is 167850818621 a composite number?
False
Is 1026095549 a composite number?
False
Is 36129763 a composite number?
True
Is 249304897 a prime number?
False
Is 1124607823 composite?
False
Is 2950107469 a composite number?
False
Is 24089364107 prime?
False
Is 1471472395 a composite number?
True
Is 18439673641 composite?
True
Is 96375883 a composite number?
False
Is 4897698083 composite?
False
Is 59653131661 composite?
False
Is 915884377 a composite number?
True
Is 9861730001 prime?
True
Is 372352493 a prime number?
True
Is 25995061 a composite number?
False
Is 633661753 a prime number?
False
Is 186780043361 composite?
False
Is 8225892767 a composite number?
True
Is 33990275945 prime?
False
Is 45958384007 a composite number?
True
Is 70275799351 prime?
False
Is 3436419029 composite?
True
Is 478238933 a composite number?
False
Is 39017242339 prime?
True
Is 68581051871 a composite number?
False
Is 4615178357 a composite number?
False
Is 8192349211 prime?
False
Is 33421656439 a prime number?
False
Is 5131185251 a composite number?
True
Is 2300012527 a prime number?
True
Is 17229353549 composite?
False
Is 1289830337 a composite number?
False
Is 82661568763 a composite number?
False
Is 1159974823 prime?
False
Is 592010387 prime?
False
Is 1073010151 a prime number?
False
Is 15766722841 prime?
True
Is 4436631313 a composite number?
False
Is 4174124821 a prime number?
True
Is 8640259891 prime?
False
Is 7181022319 composite?
True
Is 49619175367 a prime number?
True
Is 210064937 a composite number?
True
Is 28880203697 a composite number?
True
Is 387881297 prime?
False
Is 2079967657 prime?
False
Is 344040029 prime?
True
Is 1423862101 a composite number?
False
Is 297996931 a prime number?
False
Is 30499734157 a composite number?
True
Is 569614303 a composite number?
False
Is 12975668507 a composite number?
False
Is 115598723 a composite number?
True
Is 15038560851 composite?
True
Is 96272098541 prime?
False
Is 412177033 a prime number?
True
Is 27112264457 composite?
True
Is 787826617 a composite number?
False
Is 186954984241 a composite number?
False
Is 2787616717 composite?
False
Is 33527830191 composite?
True
Is 664564423 a prime number?
True
Is 1984746247 composite?
True
Is 11485527541 composite?
True
Is 265922209 a prime number?
False
Is 1859598823 composite?
False
Is 63832326347 a composite number?
False
Is 2193951073 a composite number?
False
Is 22142673419 a composite number?
True
Is 21080033593 a composite number?
True
Is 12202704157 a composite number?
True
Is 3732535433 composite?
True
Is 195453239 prime?
False
Is 9630992047 a composite number?
False
Is 372657827 